{"id":50186,"date":"2021-02-03T12:21:09","date_gmt":"2021-02-03T11:21:09","guid":{"rendered":"http:\/\/www.kiekrin-weinhandlung.de\/?page_id=50186"},"modified":"2021-04-05T15:49:35","modified_gmt":"2021-04-05T13:49:35","slug":"shipping-methods","status":"publish","type":"page","link":"https:\/\/www.kiekrin-weinhandlung.de\/?page_id=50186","title":{"rendered":"Zahlungsarten"},"content":{"rendered":"<p>[et_pb_section fb_built=&#8220;1&#8243; _builder_version=&#8220;4.9.2&#8243; _module_preset=&#8220;default&#8220;][et_pb_row _builder_version=&#8220;4.9.2&#8243; _module_preset=&#8220;default&#8220;][et_pb_column _builder_version=&#8220;4.9.2&#8243; _module_preset=&#8220;default&#8220; type=&#8220;4_4&#8243;][et_pb_text _builder_version=&#8220;4.9.2&#8243; _module_preset=&#8220;default&#8220; hover_enabled=&#8220;0&#8243; sticky_enabled=&#8220;0&#8243;]<\/p>\n<h2>Zahlungsarten<\/h2>\n<h4><\/h4>\n<h4>F\u00fcr Neukunden:\u00a0<\/h4>\n<p><strong><\/strong><\/p>\n<p><strong>Vorkasse:<\/strong> <br \/>Nach Pr\u00fcfung der Verf\u00fcgbarkeit erhalten Sie eine Nachricht mit dem Rechnungsbetrag. Bitte \u00fcberweisen Sie erst dann den Rechnungsbetrag m\u00f6glichst umgehend auf unser Konto:<\/p>\n<p>Sparkasse Bremen<br \/>BLZ 29050101<br \/>Kiek Rin Weinhandlung GmbH<br \/>K.-H. Mengel<br \/>IBAN: DE84290501010001108885<br \/>BIC: SBREDE22XXX<\/p>\n<p>Wir versenden Ihre Bestellung sofort nach Zahlungseingang.<\/p>\n<p><strong>Lastschrift<\/strong> <br \/>Wenn Sie uns bei der Bestellung Ihre Kontonummer als Erlaubnis zur Lastschrift aufgeben, ziehen wir den Rechnungsbetrag von Ihrem Konto ein. Die Abbuchung erfolgt erst nach Zusendung Ihrer Bestellung.\u00a0<\/p>\n<h4>F\u00fcr Bestandskunden:<\/h4>\n<p><strong>Rechnung<\/strong><br \/>Wenn Sie bei uns bereits Lieferungen erhalten haben, gelten Sie als Bestandskunde und k\u00f6nnen gegen Rechnung einkaufen. Diese ist direkt nach Erhalt der Ware zu bezahlen.<\/p>\n<p>[\/et_pb_text][\/et_pb_column][\/et_pb_row][\/et_pb_section]<\/p>\n","protected":false},"excerpt":{"rendered":"<p>Zahlungsarten F\u00fcr Neukunden:\u00a0 Vorkasse: Nach Pr\u00fcfung der Verf\u00fcgbarkeit erhalten Sie eine Nachricht mit dem Rechnungsbetrag. Bitte \u00fcberweisen Sie erst dann den Rechnungsbetrag m\u00f6glichst umgehend auf unser Konto: Sparkasse BremenBLZ 29050101Kiek Rin Weinhandlung GmbHK.-H. MengelIBAN: DE84290501010001108885BIC: SBREDE22XXX Wir versenden Ihre Bestellung sofort nach Zahlungseingang. Lastschrift Wenn Sie uns bei der Bestellung Ihre Kontonummer als Erlaubnis zur [&hellip;]<\/p>\n","protected":false},"author":1,"featured_media":0,"parent":0,"menu_order":0,"comment_status":"closed","ping_status":"closed","template":"","meta":{"_et_pb_use_builder":"on","_et_pb_old_content":"","_et_gb_content_width":"","footnotes":""},"class_list":["post-50186","page","type-page","status-publish","hentry"],"_links":{"self":[{"href":"https:\/\/www.kiekrin-weinhandlung.de\/index.php?rest_route=\/wp\/v2\/pages\/50186","targetHints":{"allow":["GET"]}}],"collection":[{"href":"https:\/\/www.kiekrin-weinhandlung.de\/index.php?rest_route=\/wp\/v2\/pages"}],"about":[{"href":"https:\/\/www.kiekrin-weinhandlung.de\/index.php?rest_route=\/wp\/v2\/types\/page"}],"author":[{"embeddable":true,"href":"https:\/\/www.kiekrin-weinhandlung.de\/index.php?rest_route=\/wp\/v2\/users\/1"}],"replies":[{"embeddable":true,"href":"https:\/\/www.kiekrin-weinhandlung.de\/index.php?rest_route=%2Fwp%2Fv2%2Fcomments&post=50186"}],"version-history":[{"count":3,"href":"https:\/\/www.kiekrin-weinhandlung.de\/index.php?rest_route=\/wp\/v2\/pages\/50186\/revisions"}],"predecessor-version":[{"id":50285,"href":"https:\/\/www.kiekrin-weinhandlung.de\/index.php?rest_route=\/wp\/v2\/pages\/50186\/revisions\/50285"}],"wp:attachment":[{"href":"https:\/\/www.kiekrin-weinhandlung.de\/index.php?rest_route=%2Fwp%2Fv2%2Fmedia&parent=50186"}],"curies":[{"name":"wp","href":"https:\/\/api.w.org\/{rel}","templated":true}]}}