{"id":50184,"date":"2021-02-03T12:21:09","date_gmt":"2021-02-03T11:21:09","guid":{"rendered":"http:\/\/www.kiekrin-weinhandlung.de\/?page_id=50184"},"modified":"2021-04-05T17:58:00","modified_gmt":"2021-04-05T15:58:00","slug":"terms","status":"publish","type":"page","link":"https:\/\/www.kiekrin-weinhandlung.de\/?page_id=50184","title":{"rendered":"agb"},"content":{"rendered":"<p>[et_pb_section fb_built=&#8220;1&#8243; _builder_version=&#8220;4.9.2&#8243; _module_preset=&#8220;default&#8220;][et_pb_row _builder_version=&#8220;4.9.2&#8243; _module_preset=&#8220;default&#8220;][et_pb_column _builder_version=&#8220;4.9.2&#8243; _module_preset=&#8220;default&#8220; type=&#8220;4_4&#8243;][et_pb_text _builder_version=&#8220;4.9.2&#8243; _module_preset=&#8220;default&#8220; hover_enabled=&#8220;0&#8243; sticky_enabled=&#8220;0&#8243;]<\/p>\n<h4>AGB Allgemeine Gesch\u00e4ftsbedingungen KiekRin Weinhandlung GmbH<\/h4>\n<h4>GELTUNG<\/h4>\n<p><strong>Bei Bestellungen kommt der Vertrag zustande mit:<\/strong><\/p>\n<p><strong>Kiek Rin Weinhandlung GmbH<\/strong><br \/><strong>Gesch\u00e4ftsf\u00fchrer: K.-H. Mengel<\/strong><br \/><strong>Vor dem Steintor 158\/160 \u2028\u00b7 28203 Bremen\u00a0<\/strong><br \/>Telefon:\u00a0+49(0)421\/7 21 16\u00a0<br \/>Telefax:\u00a0+49(0)421\/70 25 16\u00a0<br \/>E-Mail:\u00a0info(at)kiekrin.eu<\/p>\n<p><strong>Wir arbeiten ausschlie\u00dflich auf Grund der folgenden Gesch\u00e4ftsbedingungen:<\/strong><\/p>\n<p>[\/et_pb_text][\/et_pb_column][\/et_pb_row][et_pb_row _builder_version=&#8220;4.9.2&#8243; _module_preset=&#8220;default&#8220; column_structure=&#8220;1_4,1_4,1_4,1_4&#8243;][et_pb_column _builder_version=&#8220;4.9.2&#8243; _module_preset=&#8220;default&#8220; type=&#8220;1_4&#8243;][et_pb_text _builder_version=&#8220;4.9.2&#8243; _module_preset=&#8220;default&#8220; hover_enabled=&#8220;0&#8243; sticky_enabled=&#8220;0&#8243;]<\/p>\n<h4>Angebote und Kauf<\/h4>\n<p>Die Darstellung unserer Produkte im Online-Shop stellt kein rechtlich bindendes Angebot dar, sondern einen unverbindlichen Online-Katalog. Abgebildete Jahrg\u00e4nge und Etiketten k\u00f6nnen kurzfristigen \u00c4nderungen unterliegen. Unsere Angebote sind hinsichtlich der Waren, der Mengen, der Jahrg\u00e4nge, der Lieferfristen und sonstiger Nebenleistungen freibleibend. Bestellungen k\u00f6nnen nur von Personen durchgef\u00fchrt werden, die das 18. Lebensjahr vollendet haben.<\/p>\n<h4>Preise<\/h4>\n<p>Alle Preise enthalten die gesetzliche Mehrwertsteuer, bei Schaumwein auch die Schaumweinsteuer, ausgewiesen in Euro. Kosten f\u00fcr den Versand entstehen ggf. bei Bestellungen unter 18 Flaschen.<\/p>\n<h4>Bestellvorgang und Vertragsschluss<\/h4>\n<p>Eine Bestellung wird vorgenommen, indem Sie alle erforderlichen Angaben w\u00e4hrend des Bestellprozesses eingeben, die gew\u00fcnschten Artikel im sog. Warenkorb sammeln und schlie\u00dflich eine kostenpflichtige Bestellung durch Bet\u00e4tigung des Buttons \u201eKAUFEN\u201c an uns versenden. Vor der endg\u00fcltigen Bestellung m\u00fcssen Sie die Kenntnisnahme unserer AGB\u2019s best\u00e4tigen und haben die M\u00f6glichkeit alle eingegebenen Daten zu \u00fcberpr\u00fcfen und ggf. zu ver\u00e4ndern. \u00c4nderungen k\u00f6nnen Sie auch dadurch vornehmen, dass Sie im Browser r\u00fcckw\u00e4rts navigieren oder den Bestellvorgang abbrechen und von vorne beginnen.<br \/>Durch das Absenden einer Bestellung im Online-Shop erteilen Sie uns einen verbindlichen Auftrag. Eine Best\u00e4tigung des Eingangs Ihrer Bestellung erhalten Sie umgehend durch eine automatische E-Mail. Diese stellt noch keine Vertragsannahme dar. Wir k\u00f6nnen Ihren Auftrag innerhalb von 7 Tagen nach Eingang durch Zusendung der Ware, der Rechnung oder einer ausdr\u00fccklich als Vertragsbest\u00e4tigung gekennzeichneten E-Mail annehmen.<br \/>Vertr\u00e4ge k\u00f6nnen ausschlie\u00dflich in deutscher Sprache geschlossen werden.<\/p>\n<h4>Jugendschutz<\/h4>\n<p>Wir weisen nochmals ausdr\u00fccklich darauf hin, dass Besteller ein Mindestalter von 18 Jahren haben m\u00fcssen. Hierzu dient die Angabe des Geburtsdatums im Bestellformular. Die Zustellung von Weinpaketen erfolgt nur an vollj\u00e4hrige Personen, d.h. der K\u00e4ufer muss sicherstellen, dass der Empfang von einer Person \u00fcber 18 Jahre erfolgt. Der Zusteller ist befugt einen Altersnachweis einzufordern.<\/p>\n<p>&nbsp;<\/p>\n<p>[\/et_pb_text][\/et_pb_column][et_pb_column _builder_version=&#8220;4.9.2&#8243; _module_preset=&#8220;default&#8220; type=&#8220;1_4&#8243;][et_pb_text _builder_version=&#8220;4.9.2&#8243; _module_preset=&#8220;default&#8220; hover_enabled=&#8220;0&#8243; sticky_enabled=&#8220;0&#8243;]<\/p>\n<h4>Widerrufsrecht f\u00fcr Verbraucher<\/h4>\n<p>(Verbraucher ist jede nat\u00fcrliche Person, die ein Rechtsgesch\u00e4ft zu Zwecken abschlie\u00dft, die \u00fcberwiegend weder Ihrer gewerblichen noch ihrer selbstst\u00e4ndigen beruflichen T\u00e4tigkeit zugerechnet werden k\u00f6nnen.)<\/p>\n<h4>Widerrufsbelehrung<\/h4>\n<p>Entsprechend der gesetzlichen \u00c4nderung zum 13.06.2014<\/p>\n<h4>Widerrufsrecht<\/h4>\n<p>Sie haben das Recht, binnen vierzehn Tagen ohne Angabe von Gr\u00fcnden diesen Vertrag zu widerrufen. Die Widerrufsfrist betr\u00e4gt vierzehn Tage ab dem Tag an dem Sie oder ein von Ihnen benannter Dritter, der nicht der Bef\u00f6rderer ist, die Waren in Besitz genommen haben bzw. hat.<br \/>Um Ihr Widerrufsrecht auszu\u00fcben, m\u00fcssen Sie uns<\/p>\n<p><strong>Kiek Rin Weinhandlung GmbH<\/strong><br \/><strong>Gesch\u00e4ftsf\u00fchrer: K.-H. Mengel<\/strong><br \/><strong>Vor dem Steintor 158\/160\u00a0\u202828203 Bremen\u00a0<\/strong><br \/><strong>Telefon:\u00a0+49(0)421\/7 21 16\u00a0<\/strong><br \/><strong>Telefax:\u00a0+49(0)421\/70 25 16\u00a0<\/strong><br \/><strong>E-Mail:\u00a0info(at)kiekrin.eu\u00a0<\/strong><\/p>\n<p>mittels einer eindeutigen Erkl\u00e4rung (z.B. ein mit der Post versandter Brief, Telefax, Telefon oder E-Mail) \u00fcber Ihren Entschluss, diesen Vertrag zu widerrufen, informieren. Sie k\u00f6nnen daf\u00fcr das beigef\u00fcgte Muster-Widerrufsformular verwenden, das jedoch nicht vorgeschrieben ist.<br \/>Zur Wahrung der Widerrufsfrist reicht es aus, dass Sie die Mitteilung \u00fcber die Aus\u00fcbung des Widerrufsrechts vor Ablauf der Widerrufsfrist absenden.<\/p>\n<h4>Folgen des Widerrufs<\/h4>\n<p>Wenn Sie diesen Vertrag widerrufen, haben wir Ihnen alle Zahlungen, die wir von Ihnen erhalten haben, einschlie\u00dflich der Lieferkosten (mit Ausnahme der zus\u00e4tzlichen Kosten, die sich daraus ergeben, dass Sie eine andere Art der Lieferung als die von uns angebotene, g\u00fcnstige Standardlieferung gew\u00e4hlt haben), unverz\u00fcglich und sp\u00e4testens binnen vierzehn Tagen ab dem Tag zur\u00fcckzuzahlen, an dem die Mitteilung \u00fcber Ihren Widerruf dieses Vertrags bei uns eingegangen ist. F\u00fcr diese R\u00fcckzahlung verwenden wir dasselbe Zahlungsmittel, das Sie bei der urspr\u00fcnglichen Transaktion eingesetzt haben, es sei denn, mit Ihnen wurde ausdr\u00fccklich etwas anderes vereinbart; in keinem Fall werden Ihnen wegen dieser R\u00fcckzahlung Entgelte berechnet.<br \/>Wir k\u00f6nnen die R\u00fcckzahlung verweigern, bis wir die Waren wieder zur\u00fcckerhalten haben oder bis Sie den Nachweis erbracht haben, dass Sie die Waren zur\u00fcckgesandt haben, je nachdem, welches der fr\u00fchere Zeitpunkt ist.<br \/>Sie haben die Waren unverz\u00fcglich und in jedem Fall sp\u00e4testens binnen vierzehn Tagen ab dem Tag, an dem Sie uns \u00fcber den Widerruf dieses Vertrages unterrichten, an uns zur\u00fcckzusenden oder zu \u00fcbergeben. Die Frist ist gewahrt, wenn Sie die Waren vor Ablauf der Frist von vierzehn Tagen absenden.<br \/>Sie tragen die unmittelbaren Kosten der R\u00fccksendung der Waren. Sie m\u00fcssen f\u00fcr einen etwaigen Wertverlust der Waren nur aufkommen, wenn dieser Wertverlust auf einen zur Pr\u00fcfung der Beschaffenheit, Eigenschaften und Funktionsweise der Waren nicht notwendigen Umgang mit Ihnen zur\u00fcckzuf\u00fchren ist.<br \/>Ende des Widerrufrechts<\/p>\n<p>[\/et_pb_text][\/et_pb_column][et_pb_column _builder_version=&#8220;4.9.2&#8243; _module_preset=&#8220;default&#8220; type=&#8220;1_4&#8243;][et_pb_text _builder_version=&#8220;4.9.2&#8243; _module_preset=&#8220;default&#8220; hover_enabled=&#8220;0&#8243; sticky_enabled=&#8220;0&#8243;]<\/p>\n<h4>Versandkosten<\/h4>\n<p>Die Versandkosten innerhalb Deutschlands betragen<br \/>Bis 6 Flaschen = 9,50\u20ac (inkl. Verpackung)<br \/>Von 6 bis 18 Flaschen = 17,90\u20ac (inkl. Verpackung)<br \/>Ab 18 Flaschen frei Haus<br \/>Ein Versand ins Ausland ist nicht m\u00f6glich.<\/p>\n<h4>Versand<\/h4>\n<p>Der Versand erfolgt in der Regel per UPS, in jedem Fall haben wir das Wahlrecht des g\u00fcnstigsten Transportweges. Wir verpacken unsere Weine in gepr\u00fcften Versandkartons zu 3, 6, 12 oder 18 Flaschen.<\/p>\n<h4>Zahlungsbedingungen<\/h4>\n<p>Bei Kauf auf Rechnung ist diese direkt nach Erhalt ohne jeden Abzug zur Zahlung f\u00e4llig. G\u00fcltig ist das Datum des Zahlungseingangs auf unserem Konto:<br \/><strong>Bankverbindung:<\/strong><br \/><strong>Sparkasse Bremen<\/strong><br \/><strong>BLZ 29050101<\/strong><br \/><strong>Kiek Rin Weinhandlung GmbH<\/strong><br \/><strong>K.-H. Mengel<\/strong><br \/><strong>IBAN: DE84290501010001108885<\/strong><br \/><strong>BIC: SBREDE22XXX<\/strong><\/p>\n<p>Neukunden beliefern wir gegen Vorkasse oder per Lastschrifteinzug. Einkauf auf Rechnung ist bei Neukunden leider nicht m\u00f6glich.<br \/>Bitte beachten Sie, dass die Rechnungsanschrift in Deutschland liegen muss.<\/p>\n<h4>Eigentumsvorbehalt<\/h4>\n<p>Bis zur vollst\u00e4ndigen Bezahlung unserer Rechnung bleibt die gelieferte Ware unser Eigentum.<\/p>\n<h4>M\u00e4ngelr\u00fcgen<\/h4>\n<p>Bei \u00e4u\u00dferlich sichtbarer Besch\u00e4digung bitten wir Sie die Annahme zu verweigern. Bei nicht sichtbaren M\u00e4ngeln bitten wir Sie, sich unmittelbar mit uns in Verbindung zu setzen. Wir werden einen schnellen Weg finden, den Schaden zu ersetzen. Wir haften nur in H\u00f6he des tats\u00e4chlichen Warenwertes.<\/p>\n<h4>Kulanz<\/h4>\n<p>Da wir auf dauerhafte und partnerschaftliche Beziehung zu unseren Kunden Wert legen, werden wir uns auch \u00fcber die gesetzlichen Bestimmungen hinaus um L\u00f6sungen in allen Problemen bei Kauf, Lieferung und R\u00fccknahme bem\u00fchen.<\/p>\n<p>[\/et_pb_text][\/et_pb_column][et_pb_column _builder_version=&#8220;4.9.2&#8243; _module_preset=&#8220;default&#8220; type=&#8220;1_4&#8243;][et_pb_text _builder_version=&#8220;4.9.2&#8243; _module_preset=&#8220;default&#8220; hover_enabled=&#8220;0&#8243; sticky_enabled=&#8220;0&#8243;]<\/p>\n<h4>Datenschutz<\/h4>\n<p>Zur Durchf\u00fchrung Ihrer Bestellungen m\u00fcssen wir auch pers\u00f6nliche Daten erheben und erfassen. Dies geschieht ausschlie\u00dflich betriebsintern nach den gesetzlichen Bestimmungen. Wir sichern zu, dass eine Weiterleitung an Dritte nicht erfolgt, sofern es nicht f\u00fcr die ordnungsgem\u00e4\u00dfe Abwicklung Ihres Auftrags erforderlich ist (z.B. Paketdienste, Banken). Der Kunde stimmt der Speicherung und Weitergabe seiner personenbezogenen Daten im oben genannten Rahmen durch Abgabe einer Bestellung zu. Sie haben jederzeit ein Recht auf kostenlose Auskunft, Berichtigung, Sperrung oder L\u00f6schung Ihrer gespeicherten Daten.<\/p>\n<h4>Gerichtsstand<\/h4>\n<p>1. a) Handelt es sich bei dem Besteller um einen Kaufmann oder juristische Person der \u00f6ffentlichen Rechts, ist ausschlie\u00dflicher Gerichtsstand f\u00fcr alle Streitigkeiten aus dem Vertragsverh\u00e4ltnis das f\u00fcr unseren Firmensitz zust\u00e4ndige Gericht in Bremen.<br \/>2. b) Ist der Besteller hingegen Verbraucher im Sinne des BGB, so gilt Folgendes:<br \/>Klagen des Verbrauchers gegen KiekRin Weinhandlung GmbH sind entsprechend des gesetzlichen Gerichtsstandes nach \u00a7 17 ZPO am Firmensitz zu erheben.\u2028Klagen von KiekRin Weinhandlung GmbH gegen den Verbraucher hingegen sind entsprechend des gesetzlichen Gerichtsstandes nach \u00a7 13 ZPO am Wohnsitz des Bestellers zu erheben.<br \/>Salvatorische Klausel. Sollten einzelne Bestimmungen dieser AGB\u2019s insgesamt oder teilweise unwirksam sein, so wird hierdurch die G\u00fcltigkeit der \u00fcbrigen Bestimmungen nicht ber\u00fchrt.<br \/>Alternative Streitbeilegung gem\u00e4\u00df Art. 14 Abs. 1 ODR-VO und \u00a7 36 VSBG:<br \/>Die Europ\u00e4ische Kommission stellt eine Plattform zur Online-Streitbeilegung (OS) bereit, die Sie unter https:\/\/ec.europa.eu\/consumers\/odr finden. Zur Teilnahme an einem Streitbeilegungsverfahren vor einer Verbraucherschlichtungsstelle sind wir nicht verpflichtet und nicht bereit.<\/p>\n<p>[\/et_pb_text][\/et_pb_column][\/et_pb_row][\/et_pb_section]<\/p>\n","protected":false},"excerpt":{"rendered":"<p>AGB Allgemeine Gesch\u00e4ftsbedingungen KiekRin Weinhandlung GmbH GELTUNG Bei Bestellungen kommt der Vertrag zustande mit: Kiek Rin Weinhandlung GmbHGesch\u00e4ftsf\u00fchrer: K.-H. MengelVor dem Steintor 158\/160 \u2028\u00b7 28203 Bremen\u00a0Telefon:\u00a0+49(0)421\/7 21 16\u00a0Telefax:\u00a0+49(0)421\/70 25 16\u00a0E-Mail:\u00a0info(at)kiekrin.eu Wir arbeiten ausschlie\u00dflich auf Grund der folgenden Gesch\u00e4ftsbedingungen:Angebote und Kauf Die Darstellung unserer Produkte im Online-Shop stellt kein rechtlich bindendes Angebot dar, sondern einen unverbindlichen [&hellip;]<\/p>\n","protected":false},"author":1,"featured_media":0,"parent":0,"menu_order":0,"comment_status":"closed","ping_status":"closed","template":"","meta":{"_et_pb_use_builder":"on","_et_pb_old_content":"","_et_gb_content_width":"2880","footnotes":""},"class_list":["post-50184","page","type-page","status-publish","hentry"],"_links":{"self":[{"href":"https:\/\/www.kiekrin-weinhandlung.de\/index.php?rest_route=\/wp\/v2\/pages\/50184","targetHints":{"allow":["GET"]}}],"collection":[{"href":"https:\/\/www.kiekrin-weinhandlung.de\/index.php?rest_route=\/wp\/v2\/pages"}],"about":[{"href":"https:\/\/www.kiekrin-weinhandlung.de\/index.php?rest_route=\/wp\/v2\/types\/page"}],"author":[{"embeddable":true,"href":"https:\/\/www.kiekrin-weinhandlung.de\/index.php?rest_route=\/wp\/v2\/users\/1"}],"replies":[{"embeddable":true,"href":"https:\/\/www.kiekrin-weinhandlung.de\/index.php?rest_route=%2Fwp%2Fv2%2Fcomments&post=50184"}],"version-history":[{"count":6,"href":"https:\/\/www.kiekrin-weinhandlung.de\/index.php?rest_route=\/wp\/v2\/pages\/50184\/revisions"}],"predecessor-version":[{"id":50287,"href":"https:\/\/www.kiekrin-weinhandlung.de\/index.php?rest_route=\/wp\/v2\/pages\/50184\/revisions\/50287"}],"wp:attachment":[{"href":"https:\/\/www.kiekrin-weinhandlung.de\/index.php?rest_route=%2Fwp%2Fv2%2Fmedia&parent=50184"}],"curies":[{"name":"wp","href":"https:\/\/api.w.org\/{rel}","templated":true}]}}